{"id":34524,"date":"2023-04-14T00:19:31","date_gmt":"2023-04-14T00:19:31","guid":{"rendered":"https:\/\/vjosa-park-kombetar-tani.ecoalbania.org\/?page_id=34524"},"modified":"2023-04-14T00:50:27","modified_gmt":"2023-04-14T00:50:27","slug":"mundesia-e-arte","status":"publish","type":"page","link":"https:\/\/vjosa-park-kombetar-tani.ecoalbania.org\/?page_id=34524","title":{"rendered":"Mund\u00ebsia e Art\u00eb"},"content":{"rendered":"\t\t<div data-elementor-type=\"wp-page\" data-elementor-id=\"34524\" class=\"elementor elementor-34524\">\n\t\t\t\t\t\t\t\t\t<section data-particle_enable=\"false\" data-particle-mobile-disabled=\"false\" class=\"elementor-section elementor-top-section elementor-element elementor-element-a856e99 elementor-section-stretched elementor-section-boxed elementor-section-height-default elementor-section-height-default\" data-id=\"a856e99\" data-element_type=\"section\" data-settings=\"{&quot;stretch_section&quot;:&quot;section-stretched&quot;}\">\n\t\t\t\t\t\t<div class=\"elementor-container elementor-column-gap-default\">\n\t\t\t\t\t<div class=\"elementor-column elementor-col-50 elementor-top-column elementor-element elementor-element-5cf7912b\" data-id=\"5cf7912b\" data-element_type=\"column\">\n\t\t\t<div class=\"elementor-widget-wrap elementor-element-populated\">\n\t\t\t\t\t\t\t\t<div class=\"elementor-element elementor-element-624c9558 elementor-widget elementor-widget-image\" data-id=\"624c9558\" data-element_type=\"widget\" data-widget_type=\"image.default\">\n\t\t\t\t<div class=\"elementor-widget-container\">\n\t\t\t<style>\/*! elementor - v3.11.1 - 15-02-2023 *\/\n.elementor-widget-image{text-align:center}.elementor-widget-image a{display:inline-block}.elementor-widget-image a img[src$=\".svg\"]{width:48px}.elementor-widget-image img{vertical-align:middle;display:inline-block}<\/style>\t\t\t\t\t\t\t\t\t\t\t\t<img loading=\"lazy\" decoding=\"async\" width=\"350\" height=\"457\" src=\"https:\/\/vjosa-park-kombetar-tani.ecoalbania.org\/wp-content\/uploads\/2023\/04\/Vjosa_logo_rgb-e1562595300271.jpeg\" class=\"attachment-large size-large wp-image-34549\" alt=\"\" srcset=\"https:\/\/vjosa-park-kombetar-tani.ecoalbania.org\/wp-content\/uploads\/2023\/04\/Vjosa_logo_rgb-e1562595300271.jpeg 350w, https:\/\/vjosa-park-kombetar-tani.ecoalbania.org\/wp-content\/uploads\/2023\/04\/Vjosa_logo_rgb-e1562595300271-230x300.jpeg 230w\" sizes=\"auto, (max-width: 350px) 100vw, 350px\" \/>\t\t\t\t\t\t\t\t\t\t\t\t\t\t\t<\/div>\n\t\t\t\t<\/div>\n\t\t\t\t\t<\/div>\n\t\t<\/div>\n\t\t\t\t<div class=\"elementor-column elementor-col-50 elementor-top-column elementor-element elementor-element-62af3f9f\" data-id=\"62af3f9f\" data-element_type=\"column\">\n\t\t\t<div class=\"elementor-widget-wrap elementor-element-populated\">\n\t\t\t\t\t\t\t\t<div class=\"elementor-element elementor-element-4c428302 elementor-widget elementor-widget-text-editor\" data-id=\"4c428302\" data-element_type=\"widget\" data-widget_type=\"text-editor.default\">\n\t\t\t\t<div class=\"elementor-widget-container\">\n\t\t\t<style>\/*! elementor - v3.11.1 - 15-02-2023 *\/\n.elementor-widget-text-editor.elementor-drop-cap-view-stacked .elementor-drop-cap{background-color:#818a91;color:#fff}.elementor-widget-text-editor.elementor-drop-cap-view-framed .elementor-drop-cap{color:#818a91;border:3px solid;background-color:transparent}.elementor-widget-text-editor:not(.elementor-drop-cap-view-default) .elementor-drop-cap{margin-top:8px}.elementor-widget-text-editor:not(.elementor-drop-cap-view-default) .elementor-drop-cap-letter{width:1em;height:1em}.elementor-widget-text-editor .elementor-drop-cap{float:left;text-align:center;line-height:1;font-size:50px}.elementor-widget-text-editor .elementor-drop-cap-letter{display:inline-block}<\/style>\t\t\t\t<h5 id=\"mundesia-e-arte-parku-i-pare-kombetar-i-nje-lumi-te-eger-ne-evrope\"><span class=\"tadv-color\">MUND\u00cbSIA E ART\u00cb<\/span><\/h5>\t\t\t\t\t\t<\/div>\n\t\t\t\t<\/div>\n\t\t\t\t<div class=\"elementor-element elementor-element-206b8489 elementor-widget elementor-widget-heading\" data-id=\"206b8489\" data-element_type=\"widget\" data-widget_type=\"heading.default\">\n\t\t\t\t<div class=\"elementor-widget-container\">\n\t\t\t<style>\/*! elementor - v3.11.1 - 15-02-2023 *\/\n.elementor-heading-title{padding:0;margin:0;line-height:1}.elementor-widget-heading .elementor-heading-title[class*=elementor-size-]>a{color:inherit;font-size:inherit;line-height:inherit}.elementor-widget-heading .elementor-heading-title.elementor-size-small{font-size:15px}.elementor-widget-heading .elementor-heading-title.elementor-size-medium{font-size:19px}.elementor-widget-heading .elementor-heading-title.elementor-size-large{font-size:29px}.elementor-widget-heading .elementor-heading-title.elementor-size-xl{font-size:39px}.elementor-widget-heading .elementor-heading-title.elementor-size-xxl{font-size:59px}<\/style><h2 class=\"elementor-heading-title elementor-size-default\">Parku i Par\u00eb Komb\u00ebtar i nj\u00eb lumi t\u00eb eg\u00ebr n\u00eb Evrop\u00eb<\/h2>\t\t<\/div>\n\t\t\t\t<\/div>\n\t\t\t\t<div class=\"elementor-element elementor-element-4b9fe5fd elementor-widget elementor-widget-text-editor\" data-id=\"4b9fe5fd\" data-element_type=\"widget\" data-widget_type=\"text-editor.default\">\n\t\t\t\t<div class=\"elementor-widget-container\">\n\t\t\t\t\t\t\t<p class=\"has-black-color has-text-color\">Vjosa dhe deg\u00ebt e saj jan\u00eb t\u00eb pakrahasueshme me nj\u00eb lum\u00eb tjet\u00ebr n\u00eb Evrop\u00eb (jasht\u00eb Rusis\u00eb). K\u00ebshtu, ky peizazh lumor duhet t\u00eb mbrohet nga kategoria m\u00eb e lart\u00eb e mundshme e mbrojtjes s\u00eb natyr\u00ebs \u2013 q\u00eb do t\u00eb ishte nj\u00eb Park Komb\u00ebtar sipas standardeve t\u00eb Unionit Nd\u00ebrkomb\u00ebtar p\u00ebr Ruajtjen e Natyr\u00ebs (IUCN). S\u00eb bashku me komunitetin lokal, shkenc\u00ebtar\u00ebt dhe mb\u00ebshtetjen nga e gjith\u00eb Shqip\u00ebria, ne duam ta realizojm\u00eb shpalljen e Vjos\u00ebs Park Komb\u00ebtar.<\/p><p class=\"has-black-color has-text-color\">Synimi \u00ebsht\u00eb q\u00eb Vjosa t\u00eb shpallet, Parku Komb\u00ebtar i nj\u00eb lumi t\u00eb eg\u00ebr n\u00eb Evrop\u00eb, duke mbrojtur t\u00eb gjith\u00eb ekosistemin duke p\u00ebrfshir\u00eb pellgun uj\u00ebmbledh\u00ebs, deg\u00ebt dhe shtratin aktiv dhe jet\u00ebn e eg\u00ebr q\u00eb Vjosa strehon. Vet\u00ebm ky p\u00ebrcaktim do t\u00eb parandalonte p\u00ebrgjithmon\u00eb projektet e hidrocentraleve dhe zhvillime t\u00eb tjera brenda zon\u00ebs s\u00eb mbrojtur dhe do t\u00eb jepte nj\u00eb kontribut t\u00eb r\u00ebnd\u00ebsish\u00ebm n\u00eb Marr\u00ebveshjen e Gjelb\u00ebr t\u00eb BE-s\u00eb dhe Strategjin\u00eb e Biodiversitetit.<\/p><p class=\"has-black-color has-text-color\">Me zgjedhjet e p\u00ebrgjithshme n\u00eb 25 Prill 2021, grupet shqiptare dhe nd\u00ebrkomb\u00ebtare t\u00eb ruajtjes s\u00eb natyr\u00ebs po i b\u00ebjn\u00eb thirrje drejtuesve t\u00eb politik\u00ebs dhe publikut q\u00eb t\u00eb ruajn\u00eb t\u00eb ardhmen e Vjos\u00ebs dhe ta shpallin at\u00eb Park Komb\u00ebtar lumor, duke e shnd\u00ebrruar \u00e7\u00ebshtjen e Vjos\u00ebs nj\u00eb p\u00ebrpar\u00ebsi kryesore p\u00ebr \u00e7do parti fituese.<\/p><p class=\"has-black-color has-text-color\">Nga nj\u00eb Park Komb\u00ebtar jo vet\u00ebm q\u00eb do t\u00eb p\u00ebrfitonte jeta e eg\u00ebr por edhe njer\u00ebzit e lugin\u00ebs s\u00eb Vjos\u00ebs p\u00ebrmes shfryt\u00ebzimit t\u00eb potencialit p\u00ebr nj\u00eb zhvillim t\u00eb q\u00ebndruesh\u00ebm socio-ekonomik. N\u00eb t\u00eb ardhmen, mij\u00ebra turist\u00eb nga e gjith\u00eb Evropa do t\u00eb vijn\u00eb p\u00ebr t\u00eb vizituar k\u00ebt\u00eb lum\u00eb t\u00eb fundit t\u00eb eg\u00ebr t\u00eb kontinentit. Nj\u00eb sondazh i koh\u00ebve t\u00eb fundit i opinionit publik tregon se\u00a0<strong>94% e shqiptar\u00ebve<\/strong>\u00a0\u00ebsht\u00eb pro krijimit Parku Komb\u00ebtar lumor t\u00eb Vjos\u00ebs.<\/p>\t\t\t\t\t\t<\/div>\n\t\t\t\t<\/div>\n\t\t\t\t\t<\/div>\n\t\t<\/div>\n\t\t\t\t\t\t\t<\/div>\n\t\t<\/section>\n\t\t\t\t\t\t\t<\/div>\n\t\t","protected":false},"excerpt":{"rendered":"<p>MUND\u00cbSIA E ART\u00cb Parku i Par\u00eb Komb\u00ebtar i nj\u00eb lumi t\u00eb eg\u00ebr n\u00eb Evrop\u00eb Vjosa dhe deg\u00ebt e saj jan\u00eb t\u00eb pakrahasueshme me nj\u00eb lum\u00eb tjet\u00ebr n\u00eb Evrop\u00eb (jasht\u00eb Rusis\u00eb). K\u00ebshtu, ky peizazh lumor duhet t\u00eb mbrohet nga kategoria m\u00eb e lart\u00eb e mundshme e mbrojtjes s\u00eb natyr\u00ebs \u2013 q\u00eb do t\u00eb ishte nj\u00eb Park [&hellip;]<\/p>\n","protected":false},"author":1,"featured_media":0,"parent":0,"menu_order":0,"comment_status":"closed","ping_status":"closed","template":"elementor_header_footer","meta":{"inline_featured_image":false,"footnotes":""},"class_list":["post-34524","page","type-page","status-publish","hentry"],"_links":{"self":[{"href":"https:\/\/vjosa-park-kombetar-tani.ecoalbania.org\/index.php?rest_route=\/wp\/v2\/pages\/34524","targetHints":{"allow":["GET"]}}],"collection":[{"href":"https:\/\/vjosa-park-kombetar-tani.ecoalbania.org\/index.php?rest_route=\/wp\/v2\/pages"}],"about":[{"href":"https:\/\/vjosa-park-kombetar-tani.ecoalbania.org\/index.php?rest_route=\/wp\/v2\/types\/page"}],"author":[{"embeddable":true,"href":"https:\/\/vjosa-park-kombetar-tani.ecoalbania.org\/index.php?rest_route=\/wp\/v2\/users\/1"}],"replies":[{"embeddable":true,"href":"https:\/\/vjosa-park-kombetar-tani.ecoalbania.org\/index.php?rest_route=%2Fwp%2Fv2%2Fcomments&post=34524"}],"version-history":[{"count":7,"href":"https:\/\/vjosa-park-kombetar-tani.ecoalbania.org\/index.php?rest_route=\/wp\/v2\/pages\/34524\/revisions"}],"predecessor-version":[{"id":34610,"href":"https:\/\/vjosa-park-kombetar-tani.ecoalbania.org\/index.php?rest_route=\/wp\/v2\/pages\/34524\/revisions\/34610"}],"wp:attachment":[{"href":"https:\/\/vjosa-park-kombetar-tani.ecoalbania.org\/index.php?rest_route=%2Fwp%2Fv2%2Fmedia&parent=34524"}],"curies":[{"name":"wp","href":"https:\/\/api.w.org\/{rel}","templated":true}]}}