{"id":34518,"date":"2023-04-14T00:18:46","date_gmt":"2023-04-14T00:18:46","guid":{"rendered":"https:\/\/vjosa-park-kombetar-tani.ecoalbania.org\/?page_id=34518"},"modified":"2023-04-14T00:33:45","modified_gmt":"2023-04-14T00:33:45","slug":"e-verteta-mbi-vjosen","status":"publish","type":"page","link":"https:\/\/vjosa-park-kombetar-tani.ecoalbania.org\/?page_id=34518","title":{"rendered":"E v\u00ebrteta mbi Vjos\u00ebn"},"content":{"rendered":"\t\t<div data-elementor-type=\"wp-page\" data-elementor-id=\"34518\" class=\"elementor elementor-34518\">\n\t\t\t\t\t\t\t\t\t<section data-particle_enable=\"false\" data-particle-mobile-disabled=\"false\" class=\"elementor-section elementor-top-section elementor-element elementor-element-703cf97 elementor-section-content-top elementor-section-boxed elementor-section-height-default elementor-section-height-default\" data-id=\"703cf97\" data-element_type=\"section\">\n\t\t\t\t\t\t<div class=\"elementor-container elementor-column-gap-default\">\n\t\t\t\t\t<div class=\"elementor-column elementor-col-50 elementor-top-column elementor-element elementor-element-8a5d0da elementor-hidden-mobile\" data-id=\"8a5d0da\" data-element_type=\"column\" data-settings=\"{&quot;background_background&quot;:&quot;classic&quot;}\">\n\t\t\t<div class=\"elementor-widget-wrap\">\n\t\t\t\t\t\t\t\t\t<\/div>\n\t\t<\/div>\n\t\t\t\t<div class=\"elementor-column elementor-col-50 elementor-top-column elementor-element elementor-element-c77c023\" data-id=\"c77c023\" data-element_type=\"column\">\n\t\t\t<div class=\"elementor-widget-wrap elementor-element-populated\">\n\t\t\t\t\t\t\t\t<div class=\"elementor-element elementor-element-d0fb3c3 elementor-widget elementor-widget-heading\" data-id=\"d0fb3c3\" data-element_type=\"widget\" data-widget_type=\"heading.default\">\n\t\t\t\t<div class=\"elementor-widget-container\">\n\t\t\t<style>\/*! elementor - v3.11.1 - 15-02-2023 *\/\n.elementor-heading-title{padding:0;margin:0;line-height:1}.elementor-widget-heading .elementor-heading-title[class*=elementor-size-]>a{color:inherit;font-size:inherit;line-height:inherit}.elementor-widget-heading .elementor-heading-title.elementor-size-small{font-size:15px}.elementor-widget-heading .elementor-heading-title.elementor-size-medium{font-size:19px}.elementor-widget-heading .elementor-heading-title.elementor-size-large{font-size:29px}.elementor-widget-heading .elementor-heading-title.elementor-size-xl{font-size:39px}.elementor-widget-heading .elementor-heading-title.elementor-size-xxl{font-size:59px}<\/style><h2 class=\"elementor-heading-title elementor-size-default\">E v\u00ebrteta mbi Vjos\u00ebn<\/h2>\t\t<\/div>\n\t\t\t\t<\/div>\n\t\t\t\t<div class=\"elementor-element elementor-element-0cf9a6a elementor-widget elementor-widget-text-editor\" data-id=\"0cf9a6a\" data-element_type=\"widget\" data-widget_type=\"text-editor.default\">\n\t\t\t\t<div class=\"elementor-widget-container\">\n\t\t\t<style>\/*! elementor - v3.11.1 - 15-02-2023 *\/\n.elementor-widget-text-editor.elementor-drop-cap-view-stacked .elementor-drop-cap{background-color:#818a91;color:#fff}.elementor-widget-text-editor.elementor-drop-cap-view-framed .elementor-drop-cap{color:#818a91;border:3px solid;background-color:transparent}.elementor-widget-text-editor:not(.elementor-drop-cap-view-default) .elementor-drop-cap{margin-top:8px}.elementor-widget-text-editor:not(.elementor-drop-cap-view-default) .elementor-drop-cap-letter{width:1em;height:1em}.elementor-widget-text-editor .elementor-drop-cap{float:left;text-align:center;line-height:1;font-size:50px}.elementor-widget-text-editor .elementor-drop-cap-letter{display:inline-block}<\/style>\t\t\t\t<p><span class=\"tadv-color\">Lumi Vjosa n\u00eb Shqip\u00ebri \u00ebsht\u00eb nj\u00eb nga lumenjt\u00eb e fundit t\u00eb eg\u00ebr n\u00eb Evrop\u00eb. Vjosa dhe shum\u00eb prej deg\u00ebve t\u00eb tij rrjedhin lirsh\u00ebm nga malet e Pindit n\u00eb Greqi deri n\u00eb bregdetin Adriatik n\u00eb Shqip\u00ebri. Vjosa shtrohet n\u00eb nj\u00eb zon\u00eb t\u00eb gjer\u00eb natyrore q\u00eb p\u00ebrb\u00ebhet nga nj\u00eb mozaik i madh i llojeve t\u00eb ndryshme t\u00eb habitateve duke nisur nga grykat e ngushta n\u00eb pjes\u00ebn e sip\u00ebrme, n\u00eb seksionet e gjera gjarp\u00ebruese lumore n\u00eb rrjedh\u00ebn e mesme deri n\u00eb delt\u00ebn gati-natyrore n\u00eb Detin Adriatik. Vet\u00ebm rrjedha e mesme p\u00ebrmban t\u00eb pakt\u00ebn 8 lloje habitatesh q\u00eb kan\u00eb r\u00ebnd\u00ebsi prioritare sa i p\u00ebrket aspekteve t\u00eb ruajtjes s\u00eb natyr\u00ebs n\u00eb kuadrin e Bashkimit Evropian.<\/span><\/p><p class=\"has-text-align-justify has-black-color has-text-color\">Njohurit\u00eb shkencore rreth biodiversitetit dhe proceseve ekologjike t\u00eb Vjos\u00ebs jan\u00eb t\u00eb kufizuara. Ai \u00ebsht\u00eb nj\u00eb nga lumenjt\u00eb m\u00eb pak t\u00eb eksploruar n\u00eb Evrop\u00eb. Por disa studime ekzistuese n\u00ebnvizojn\u00eb r\u00ebnd\u00ebsin\u00eb e lugin\u00ebs s\u00eb lumit si \u201cpika e nxeht\u00eb\u201d e biodiversitetit n\u00eb Shqip\u00ebri q\u00eb ofron habitate ujore ideale p\u00ebr specie t\u00eb shumta. Lumi \u00ebsht\u00eb streh\u00eb e mbi 1,100 specieve, duke p\u00ebrfshir\u00eb 13 specie kafsh\u00ebsh dhe 2 bim\u00ebsh t\u00eb k\u00ebrc\u00ebnuara globalisht dhe e t\u00eb pakt\u00ebn 50 specie kafsh\u00ebsh dhe 24 bim\u00ebsh t\u00eb cilat jan\u00eb t\u00eb p\u00ebrfshira n\u00eb List\u00ebn e Kuqe t\u00eb Shqip\u00ebris\u00eb.<\/p><p class=\"has-black-color has-text-color\">Pellgu uj\u00ebmbledh\u00ebs u siguron fshatrave p\u00ebrreth tok\u00ebn pjellore p\u00ebr aktivitete bujq\u00ebsore dhe blegtorale. Boll\u00ebku dhe shum\u00ebllojshm\u00ebria e peshqve \u00ebsht\u00eb jetike p\u00ebr mir\u00ebqenien e peshkatar\u00ebve vendas kryesisht n\u00eb pjes\u00ebn e poshtme t\u00eb Vjos\u00ebs. Ekoturizmi n\u00eb Vjos\u00eb dhe deg\u00ebt e saj \u00ebsht\u00eb gjithnj\u00eb n\u00eb rritje, ve\u00e7an\u00ebrisht n\u00eb vitet e fundit n\u00eb t\u00eb cil\u00ebt entuziast\u00ebt kan\u00eb filluar t\u00eb shijojn\u00eb aktivitete t\u00eb tilla si rafting, kanoe, kayaking, not, etj.<\/p>\t\t\t\t\t\t<\/div>\n\t\t\t\t<\/div>\n\t\t\t\t\t<\/div>\n\t\t<\/div>\n\t\t\t\t\t\t\t<\/div>\n\t\t<\/section>\n\t\t\t\t\t\t\t<\/div>\n\t\t","protected":false},"excerpt":{"rendered":"<p>E v\u00ebrteta mbi Vjos\u00ebn Lumi Vjosa n\u00eb Shqip\u00ebri \u00ebsht\u00eb nj\u00eb nga lumenjt\u00eb e fundit t\u00eb eg\u00ebr n\u00eb Evrop\u00eb. Vjosa dhe shum\u00eb prej deg\u00ebve t\u00eb tij rrjedhin lirsh\u00ebm nga malet e Pindit n\u00eb Greqi deri n\u00eb bregdetin Adriatik n\u00eb Shqip\u00ebri. Vjosa shtrohet n\u00eb nj\u00eb zon\u00eb t\u00eb gjer\u00eb natyrore q\u00eb p\u00ebrb\u00ebhet nga nj\u00eb mozaik i madh i [&hellip;]<\/p>\n","protected":false},"author":1,"featured_media":0,"parent":0,"menu_order":0,"comment_status":"closed","ping_status":"closed","template":"elementor_header_footer","meta":{"inline_featured_image":false,"footnotes":""},"class_list":["post-34518","page","type-page","status-publish","hentry"],"_links":{"self":[{"href":"https:\/\/vjosa-park-kombetar-tani.ecoalbania.org\/index.php?rest_route=\/wp\/v2\/pages\/34518","targetHints":{"allow":["GET"]}}],"collection":[{"href":"https:\/\/vjosa-park-kombetar-tani.ecoalbania.org\/index.php?rest_route=\/wp\/v2\/pages"}],"about":[{"href":"https:\/\/vjosa-park-kombetar-tani.ecoalbania.org\/index.php?rest_route=\/wp\/v2\/types\/page"}],"author":[{"embeddable":true,"href":"https:\/\/vjosa-park-kombetar-tani.ecoalbania.org\/index.php?rest_route=\/wp\/v2\/users\/1"}],"replies":[{"embeddable":true,"href":"https:\/\/vjosa-park-kombetar-tani.ecoalbania.org\/index.php?rest_route=%2Fwp%2Fv2%2Fcomments&post=34518"}],"version-history":[{"count":4,"href":"https:\/\/vjosa-park-kombetar-tani.ecoalbania.org\/index.php?rest_route=\/wp\/v2\/pages\/34518\/revisions"}],"predecessor-version":[{"id":34543,"href":"https:\/\/vjosa-park-kombetar-tani.ecoalbania.org\/index.php?rest_route=\/wp\/v2\/pages\/34518\/revisions\/34543"}],"wp:attachment":[{"href":"https:\/\/vjosa-park-kombetar-tani.ecoalbania.org\/index.php?rest_route=%2Fwp%2Fv2%2Fmedia&parent=34518"}],"curies":[{"name":"wp","href":"https:\/\/api.w.org\/{rel}","templated":true}]}}